et v be (16 + -17)/((-2)/8). Suppose -3*p + 2*u + 191 - 42 = 0, -v*p + u + 197 = 0. Suppose -5*t = q - 40 - p, -q + t + 59 = 0. List the prime factors of q.
2
Let f(w) = -w**2 + 2*w + 11. Let i be f(-5). Let h = 44 + i. What are the prime factors of h?
2, 5
Suppose 0 = -92*m + 96*m + 76. Let n be -3 + 66 - (2 - 0). Let t = n + m. List the prime factors of t.
2, 3, 7
Let r = 104 + 1. Suppose r = 3*y - 162. List the prime factors of y.
89
Let l = 831 + -440. What are the prime factors of l?
17, 23
Suppose o = 18 - 5. Suppose 20 + o = 3*j. List the prime factors of j.
11
What are the prime factors of (458/(-16))/((-38)/304)?
229
Let h(r) = 12*r**2 - 8*r + 14. What are the prime factors of h(-6)?
2, 13, 19
Let g(u) = u**3 - 12*u**2 + 10*u + 3. Let k be (-9 - -11) + 3*3. Let a be g(k). Let h(f) = -f**3 - 8*f**2 - 6*f + 8. What are the prime factors of h(a)?
2, 7
Suppose 62 = -n + 3*n. Suppose n = 13*z - 723. List the prime factors of z.
2, 29
Let l(v) = v**3 - 2*v**2 - 2*v + 1. Let h be l(3). Suppose 221 = h*n + 13. List the prime factors of n.
2, 13
Suppose -5*f + 83 = -4*f - q, -3*f = -2*q - 250. Suppose 8*b - 11*b = -f. List the prime factors of b.
2, 7
Suppose 2 = 2*n - 8. Suppose -5*v + 2*f = n*f - 1235, 0 = -f. What are the prime factors of v?
13, 19
Let s(r) = -38*r + 61. List the prime factors of s(-18).
5, 149
Suppose 2*q + 15 = 3*c - 2*q, -3*c + 15 = 5*q. Suppose 30 = -c*a + 140. Suppose 0 = -i - m + a, i - 17 = 3*m + m. What are the prime factors of i?
3, 7
Let p = 2 + 1. Suppose -3*c = 3*j - 1 - 2, -p*c = -j - 11. List the prime factors of c.
3
Let w = 577 - 138. What are the prime factors of w?
439
Let o = -3 + 5. Let y = o + -1. What are the prime factors of (-10 - -9) + 32/y?
31
Let f(p) = -30*p**3 - p. Let d be f(1). Let c = 41 - d. List the prime factors of c.
2, 3
Suppose 0 = -t - 38 + 44. Suppose -3*m + 9 = 2*i - i, i - 11 = -4*m. Suppose -t*k = -m*k - 64. List the prime factors of k.
2
Suppose 3*v + 4*l - 669 = -l, -5*v - l = -1115. List the prime factors of v.
223
Let o = -9 - -6. Let y be ((-12)/o + -16)*-3. Suppose -18 - y = -2*h. What are the prime factors of h?
3
Let f = -883 - -1746. List the prime factors of f.
863
Suppose -3*z = 2*r + 640, 3*z - 5*r + 24 = -644. Let g = 9 - z. What are the prime factors of g?
3, 5
Let y(u) = u**3 - u**2 - u + 135. Let g be y(0). Let l be ((-38)/(-3))/(10/g). What are the prime factors of (l/2)/9*2?
19
Let d(f) = f**3 - 29*f**2 + 34*f - 49. What are the prime factors of d(30)?
1871
Suppose 3*v - y = 507, 6*y - 2*y + 507 = 3*v. Let s = v + -32. What are the prime factors of s?
137
Let i(w) = w**3 + 9*w**2 + 8*w + 5. Let n be i(-8). Suppose -h = n*s - 135, 2*s - 5*h - 53 = -s. Let y = s - 16. List the prime factors of y.
2, 5
Suppose 2664 = 38*r - 26*r. What are the prime factors of r?
2, 3, 37
Let x(n) = 17*n + 13*n - 14*n - 2. What are the prime factors of x(6)?
2, 47
Suppose 0 = -2*i + 3*b + 3049, -b + 3985 + 2148 = 4*i. List the prime factors of i.
2, 383
Suppose -3*y = 2*d - 1169, 2*y - 4*d + 7*d - 776 = 0. List the prime factors of y.
17, 23
Let u = -81 - 42. Let z = 179 + u. List the prime factors of z.
2, 7
Suppose -5*k = -0*k + 285. Let i = k + 223. What are the prime factors of i?
2, 83
Let m = 472 - -778. List the prime factors of m.
2, 5
Let l(z) = -3*z**2 - 135*z + 79. What are the prime factors of l(-41)?
571
Let b = -261 - -201. Let o(w) = 24*w + 5. Let z be o(-5). Let p = b - z. List the prime factors of p.
5, 11
Let j be 28/21*2/(4/3). What are the prime factors of (-6 + j)*-6 + -2?
2, 11
Suppose -13*s + 28053 = 14*s. What are the prime factors of s?
1039
Suppose -2*w + 10 = 2. Suppose 172 = r - 0*s + 5*s, 0 = w*r + s - 707. What are the prime factors of -1*2*r/(-6)?
59
Let q(a) = a**2 - 8*a + 2. Let l be q(8). List the prime factors of ((-189)/l)/(-7) + (-6)/4.
2, 3
Let g(f) be the first derivative of 8*f**2 - 14*f - 4. What are the prime factors of g(4)?
2, 5
What are the prime factors of (8/(-14))/(8 - (-9490)/(-1183))?
2, 13
Let a(y) = -4*y**3 - 37*y**2 + 24*y - 5. What are the prime factors of a(-12)?
1291
Let y(c) = 63*c + 21. Let u be y(6). Suppose f = -4*h + 224, -2*f - u = -5*h - 132. List the prime factors of h.
5, 11
Let a = -55 - -37. Let f(g) = -4 + 5 - 2 - 6 - g. What are the prime factors of f(a)?
11
Let b be 4 + 331/(5/(-5)). Let q = b - -616. List the prime factors of q.
17
Suppose x - 2*x + 3 = 0. Suppose 0 = -h - x*h + 8. Suppose -4*i - 2*f + 148 = 0, -4*f = 2*i - h*f - 72. What are the prime factors of i?
2, 19
Let m(k) = k**3 - 2*k**2 + 3*k - 4. Let a be m(2). What are the prime factors of 128 - (3 + 1 - a)?
2, 3, 7
Let q(l) = 3*l**2 - 14*l - 19. Suppose -2*p = -4*w - 20, 3*p - p = 2*w + 18. List the prime factors of q(p).
61
Let s = 7872 - 4106. List the prime factors of s.
2, 7, 269
Let n(u) = -12*u - 5*u**2 - 7 + 8*u**2 + 10 + 10. What are the prime factors of n(8)?
109
Let x(z) = z**2 - 7*z + 10. Let v be x(4). Let a = 20 + v. Suppose -62 - a = -5*m. List the prime factors of m.
2
Let n(k) = 6*k - 12. Let f be n(6). Suppose -g - 68 = -f. List the prime factors of ((-165)/g)/((-6)/(-16)).
2, 5
Let z = -103 - -223. Suppose -4*t - 5*r = t - z, 0 = 3*r - 12. Suppose -4*q + t = q. What are the prime factors of q?
2
Let x(y) = -y**3 - 13*y**2 - 14*y - 18. Let w be x(-12). Suppose 8 = 4*a - w*a, -2*a = -d + 73. List the prime factors of d.
5, 13
Suppose -5*i = 4*t - 10563, -3*i + i = -4*t - 4214. List the prime factors of i.
2111
Let i be 2555/21 - 1/(-3). Let h = 223 - i. Suppose 4*f + 2*k = 166, 0*f + 5*k + h = 2*f. List the prime factors of f.
43
Suppose -2*i = -8 + 10. Let d = 1 - i. Let k(b) = 2*b**2 - b + 1. What are the prime factors of k(d)?
7
Let j = 136 - -194. List the prime factors of j.
2, 3, 5, 11
Let g(v) = -v - 5. Let a be g(-8). Suppose 3*j - 9 = m, -a - 1 = j + 2*m. What are the prime factors of 3 + (3 - j) + 19?
23
Suppose 901 + 5 = g. List the prime factors of g.
2, 3, 151
Suppose -2*x + 45 = 3*p, -5*x + 96 = -2*p + 4*p. List the prime factors of x.
2, 3
Suppose 7*h - 3*h = x + 14383, -5*h + 4*x + 17965 = 0. What are the prime factors of h?
3, 11, 109
Let p(b) = -4*b + 4. Let x be p(0). Let w be -12*(16/(-6))/x. Let i(c) = 2*c - 6. What are the prime factors of i(w)?
2, 5
Let n(c) = c**2 + 12*c + 13. Let a be n(-11). Suppose -4*v = a*t - 0*v - 70, 5*t - 196 = -3*v. What are the prime factors of t?
41
Let x be 6 + -3 - (0 + -3). Suppose -l - x = -4*l. Suppose o + l*o = 69. What are the prime factors of o?
23
Let a = 2767 + -1292. What are the prime factors of a?
5, 59
Suppose 77*m - 12008 = 58*m. What are the prime factors of m?
2, 79
Let u(o) = -11*o - 9. Let z(c) be the second derivative of 11*c**3/2 + 13*c**2 + 6*c. Let d(w) = -8*u(w) - 3*z(w). List the prime factors of d(-3).
3
Let m(s) = -s**3 + 9*s**2 - 9*s + 8. Let r be m(8). Suppose -2*t + 5*t - 606 = r. Suppose 54 = -4*d + t. What are the prime factors of d?
37
Let t(u) = -u**2 + 9*u - 17. Let b be t(4). Let m(h) = -3 + 5*h - 1 + 5*h. What are the prime factors of m(b)?
2, 13
Let v = 18 - -71. Suppose 4*x - 35 - v = 0. What are the prime factors of x?
31
Let t(f) = -f**3 + 2*f - 3 - 2 + 2 + 3*f**2. Let z(u) = 3*u**2 + 43*u + 16. Let p be z(-14). What are the prime factors of t(p)?
5
Suppose 4*r + 0*p = 5*p + 13, -r = 5*p + 3. Let c = r - -4. Let q(z) = z**3 - 4*z**2 - 10*z + 7. List the prime factors of q(c).
19
Let l(m) = -m**2 - 42*m - 70. List the prime factors of l(-12).
2, 5, 29
Let v = 37 - 19. Suppose -t = -6 - v. What are the prime factors of t?
2, 3
List the prime factors of (1180/6 + 0)/((-80)/(-720)).
2, 3, 5, 59
Let u = 141 - -17. What are the prime factors of (1 - (1 + 2)) + 1 + u?
157
What are the prime factors of (847 - -5) + -1 + -4?
7, 11
Let a(q) = -10*q**2 + 2*q. Let r be a(-3). Suppose 5*m - 38 = s, -197 = 6*s - 2*s - 5*m. Let n = s - r. What are the prime factors of n?
43
Let g(u) = 120*u**2 - 3*u + 3. Suppose 2*o = 8 - 6. Let h be g(o). List the prime factors of (28/35)/(2/h).
2, 3
Suppose -4*f - 4*m = 24, -3*f + 0*m + 2*m - 3 = 0. Let h be 1/(2/f)*6. Let p(g) = -g**2 - 13*g - 12. List the prime factors of p(h).
2, 3
Let u be (4 + (-20)/4)*-2. Suppose -3*h + 4*v + 500 = 0, u*h + 4*v - 780 = -3*h. List the prime factors of h.
2, 5
Suppose 11 = -3*n - 3*